{"id":852,"date":"2024-06-03T20:36:52","date_gmt":"2024-06-04T01:36:52","guid":{"rendered":"https:\/\/cbs.kood3.com\/?post_type=arquitectura&#038;p=852"},"modified":"2024-08-06T17:24:39","modified_gmt":"2024-08-06T22:24:39","slug":"el-tecuan","status":"publish","type":"arquitectura","link":"https:\/\/www.cesarbejarstudio.com\/es\/arquitectura\/el-tecuan\/","title":{"rendered":"El Tecu\u00e1n"},"content":{"rendered":"","protected":false},"featured_media":870,"template":"","class_list":["post-852","arquitectura","type-arquitectura","status-publish","has-post-thumbnail","hentry"],"acf":[],"yoast_head":"<!-- This site is optimized with the Yoast SEO Premium plugin v19.3 (Yoast SEO v19.7.1) - https:\/\/yoast.com\/wordpress\/plugins\/seo\/ -->\n<title>El Tecu\u00e1n - C\u00c9SAR B\u00c9JAR STUDIO<\/title>\n<meta name=\"robots\" content=\"index, follow, max-snippet:-1, max-image-preview:large, max-video-preview:-1\" \/>\n<link rel=\"canonical\" href=\"https:\/\/www.cesarbejarstudio.com\/es\/arquitectura\/el-tecuan\/\" \/>\n<meta property=\"og:locale\" content=\"es_MX\" \/>\n<meta property=\"og:type\" content=\"article\" \/>\n<meta property=\"og:title\" content=\"El Tecu\u00e1n\" \/>\n<meta property=\"og:url\" content=\"https:\/\/www.cesarbejarstudio.com\/es\/arquitectura\/el-tecuan\/\" \/>\n<meta property=\"og:site_name\" content=\"C\u00c9SAR B\u00c9JAR STUDIO\" \/>\n<meta property=\"article:modified_time\" content=\"2024-08-06T22:24:39+00:00\" \/>\n<meta property=\"og:image\" content=\"https:\/\/www.cesarbejarstudio.com\/wp-content\/uploads\/2022\/08\/04_RenderCesarBejarStudio_Fachada-hd.jpg\" \/>\n\t<meta property=\"og:image:width\" content=\"1080\" \/>\n\t<meta property=\"og:image:height\" content=\"1350\" \/>\n\t<meta property=\"og:image:type\" content=\"image\/jpeg\" \/>\n<meta name=\"twitter:card\" content=\"summary_large_image\" \/>\n<script type=\"application\/ld+json\" class=\"yoast-schema-graph\">{\"@context\":\"https:\/\/schema.org\",\"@graph\":[{\"@type\":\"WebPage\",\"@id\":\"https:\/\/www.cesarbejarstudio.com\/arquitectura\/el-tecuan\/\",\"url\":\"https:\/\/www.cesarbejarstudio.com\/arquitectura\/el-tecuan\/\",\"name\":\"El Tecu\u00e1n - C\u00c9SAR B\u00c9JAR STUDIO\",\"isPartOf\":{\"@id\":\"https:\/\/www.cesarbejarstudio.com\/#website\"},\"datePublished\":\"2024-06-04T01:36:52+00:00\",\"dateModified\":\"2024-08-06T22:24:39+00:00\",\"breadcrumb\":{\"@id\":\"https:\/\/www.cesarbejarstudio.com\/arquitectura\/el-tecuan\/#breadcrumb\"},\"inLanguage\":\"es\",\"potentialAction\":[{\"@type\":\"ReadAction\",\"target\":[\"https:\/\/www.cesarbejarstudio.com\/arquitectura\/el-tecuan\/\"]}]},{\"@type\":\"BreadcrumbList\",\"@id\":\"https:\/\/www.cesarbejarstudio.com\/arquitectura\/el-tecuan\/#breadcrumb\",\"itemListElement\":[{\"@type\":\"ListItem\",\"position\":1,\"name\":\"Home\",\"item\":\"https:\/\/www.cesarbejarstudio.com\/\"},{\"@type\":\"ListItem\",\"position\":2,\"name\":\"El Tecu\u00e1n\"}]},{\"@type\":\"WebSite\",\"@id\":\"https:\/\/www.cesarbejarstudio.com\/#website\",\"url\":\"https:\/\/www.cesarbejarstudio.com\/\",\"name\":\"C\u00c9SAR B\u00c9JAR STUDIO\",\"description\":\"Architectural photography - Architectural projects\",\"potentialAction\":[{\"@type\":\"SearchAction\",\"target\":{\"@type\":\"EntryPoint\",\"urlTemplate\":\"https:\/\/www.cesarbejarstudio.com\/?s={search_term_string}\"},\"query-input\":\"required name=search_term_string\"}],\"inLanguage\":\"es\"}]}<\/script>\n<!-- \/ Yoast SEO Premium plugin. -->","yoast_head_json":{"title":"El Tecu\u00e1n - C\u00c9SAR B\u00c9JAR STUDIO","robots":{"index":"index","follow":"follow","max-snippet":"max-snippet:-1","max-image-preview":"max-image-preview:large","max-video-preview":"max-video-preview:-1"},"canonical":"https:\/\/www.cesarbejarstudio.com\/es\/arquitectura\/el-tecuan\/","og_locale":"es_MX","og_type":"article","og_title":"El Tecu\u00e1n","og_url":"https:\/\/www.cesarbejarstudio.com\/es\/arquitectura\/el-tecuan\/","og_site_name":"C\u00c9SAR B\u00c9JAR STUDIO","article_modified_time":"2024-08-06T22:24:39+00:00","og_image":[{"width":1080,"height":1350,"url":"https:\/\/www.cesarbejarstudio.com\/wp-content\/uploads\/2022\/08\/04_RenderCesarBejarStudio_Fachada-hd.jpg","type":"image\/jpeg"}],"twitter_card":"summary_large_image","schema":{"@context":"https:\/\/schema.org","@graph":[{"@type":"WebPage","@id":"https:\/\/www.cesarbejarstudio.com\/arquitectura\/el-tecuan\/","url":"https:\/\/www.cesarbejarstudio.com\/arquitectura\/el-tecuan\/","name":"El Tecu\u00e1n - C\u00c9SAR B\u00c9JAR STUDIO","isPartOf":{"@id":"https:\/\/www.cesarbejarstudio.com\/#website"},"datePublished":"2024-06-04T01:36:52+00:00","dateModified":"2024-08-06T22:24:39+00:00","breadcrumb":{"@id":"https:\/\/www.cesarbejarstudio.com\/arquitectura\/el-tecuan\/#breadcrumb"},"inLanguage":"es","potentialAction":[{"@type":"ReadAction","target":["https:\/\/www.cesarbejarstudio.com\/arquitectura\/el-tecuan\/"]}]},{"@type":"BreadcrumbList","@id":"https:\/\/www.cesarbejarstudio.com\/arquitectura\/el-tecuan\/#breadcrumb","itemListElement":[{"@type":"ListItem","position":1,"name":"Home","item":"https:\/\/www.cesarbejarstudio.com\/"},{"@type":"ListItem","position":2,"name":"El Tecu\u00e1n"}]},{"@type":"WebSite","@id":"https:\/\/www.cesarbejarstudio.com\/#website","url":"https:\/\/www.cesarbejarstudio.com\/","name":"C\u00c9SAR B\u00c9JAR STUDIO","description":"Architectural photography - Architectural projects","potentialAction":[{"@type":"SearchAction","target":{"@type":"EntryPoint","urlTemplate":"https:\/\/www.cesarbejarstudio.com\/?s={search_term_string}"},"query-input":"required name=search_term_string"}],"inLanguage":"es"}]}},"_links":{"self":[{"href":"https:\/\/www.cesarbejarstudio.com\/es\/wp-json\/wp\/v2\/arquitectura\/852","targetHints":{"allow":["GET"]}}],"collection":[{"href":"https:\/\/www.cesarbejarstudio.com\/es\/wp-json\/wp\/v2\/arquitectura"}],"about":[{"href":"https:\/\/www.cesarbejarstudio.com\/es\/wp-json\/wp\/v2\/types\/arquitectura"}],"wp:featuredmedia":[{"embeddable":true,"href":"https:\/\/www.cesarbejarstudio.com\/es\/wp-json\/wp\/v2\/media\/870"}],"wp:attachment":[{"href":"https:\/\/www.cesarbejarstudio.com\/es\/wp-json\/wp\/v2\/media?parent=852"}],"curies":[{"name":"wp","href":"https:\/\/api.w.org\/{rel}","templated":true}]}}

El Tecuán

<!-- This site is optimized with the Yoast SEO Premium plugin v19.3 (Yoast SEO v19.7.1) - https://yoast.com/wordpress/plugins/seo/ -->
<title>El Tecuán - CÉSAR BÉJAR STUDIO</title>
<meta name="robots" content="index, follow, max-snippet:-1, max-image-preview:large, max-video-preview:-1" />
<link rel="canonical" href="https://www.cesarbejarstudio.com/es/arquitectura/el-tecuan/" />
<meta property="og:locale" content="es_MX" />
<meta property="og:type" content="article" />
<meta property="og:title" content="El Tecuán" />
<meta property="og:url" content="https://www.cesarbejarstudio.com/es/arquitectura/el-tecuan/" />
<meta property="og:site_name" content="CÉSAR BÉJAR STUDIO" />
<meta property="article:modified_time" content="2024-08-06T22:24:39+00:00" />
<meta property="og:image" content="https://www.cesarbejarstudio.com/wp-content/uploads/2022/08/04_RenderCesarBejarStudio_Fachada-hd.jpg" />
	<meta property="og:image:width" content="1080" />
	<meta property="og:image:height" content="1350" />
	<meta property="og:image:type" content="image/jpeg" />
<meta name="twitter:card" content="summary_large_image" />
<script type="application/ld+json" class="yoast-schema-graph">{"@context":"https://schema.org","@graph":[{"@type":"WebPage","@id":"https://www.cesarbejarstudio.com/arquitectura/el-tecuan/","url":"https://www.cesarbejarstudio.com/arquitectura/el-tecuan/","name":"El Tecuán - CÉSAR BÉJAR STUDIO","isPartOf":{"@id":"https://www.cesarbejarstudio.com/#website"},"datePublished":"2024-06-04T01:36:52+00:00","dateModified":"2024-08-06T22:24:39+00:00","breadcrumb":{"@id":"https://www.cesarbejarstudio.com/arquitectura/el-tecuan/#breadcrumb"},"inLanguage":"es","potentialAction":[{"@type":"ReadAction","target":["https://www.cesarbejarstudio.com/arquitectura/el-tecuan/"]}]},{"@type":"BreadcrumbList","@id":"https://www.cesarbejarstudio.com/arquitectura/el-tecuan/#breadcrumb","itemListElement":[{"@type":"ListItem","position":1,"name":"Home","item":"https://www.cesarbejarstudio.com/"},{"@type":"ListItem","position":2,"name":"El Tecuán"}]},{"@type":"WebSite","@id":"https://www.cesarbejarstudio.com/#website","url":"https://www.cesarbejarstudio.com/","name":"CÉSAR BÉJAR STUDIO","description":"Architectural photography - Architectural projects","potentialAction":[{"@type":"SearchAction","target":{"@type":"EntryPoint","urlTemplate":"https://www.cesarbejarstudio.com/?s={search_term_string}"},"query-input":"required name=search_term_string"}],"inLanguage":"es"}]}</script>
<!-- / Yoast SEO Premium plugin. -->

El Tecuán - CÉSAR BÉJAR STUDIO

CÉSAR BÉJAR STUDIO
